{"id":1024,"date":"2019-11-04T21:43:06","date_gmt":"2019-11-04T20:43:06","guid":{"rendered":"https:\/\/www.gleichcom.ch\/moyens-auxiliaires-auditifs\/"},"modified":"2024-11-26T11:28:09","modified_gmt":"2024-11-26T10:28:09","slug":"moyens-auxiliaires-auditifs","status":"publish","type":"page","link":"https:\/\/www.gleichcom.ch\/fr\/moyens-auxiliaires-auditifs\/","title":{"rendered":"AI et ses prestations"},"content":{"rendered":"<section class=\"wpb-content-wrapper\"><p>[vc_row padding_top_multiplier=\u00a0\u00bb2x\u00a0\u00bb][vc_column]<h3 class=\"eut-element eut-title eut-align-inherit eut-h3\" style=\"\"><span>Quels appareils et fournitures sont pris en charge par l\u2019AI \/ la SUVA?<\/span><\/h3><h3 class=\"eut-element eut-title eut-align-inherit eut-h5\" style=\"margin-bottom: 0px;\"><span>Conform\u00e9ment \u00e0 l\u2019OMAI, \u00e9tat au 1er janvier 2017<\/span><\/h3>[\/vc_column][\/vc_row][vc_row padding_top_multiplier=\u00a0\u00bb2x\u00a0\u00bb padding_bottom_multiplier=\u00a0\u00bb2x\u00a0\u00bb equal_column_height=\u00a0\u00bbequal\u00a0\u00bb section_id=\u00a0\u00bboffene-stellen\u00a0\u00bb][vc_column width=\u00a0\u00bb1\/2&Prime; vertical_content_position=\u00a0\u00bbmiddle\u00a0\u00bb rc_heading_color=\u00a0\u00bbdark\u00a0\u00bb rc_bg_type=\u00a0\u00bbcolor\u00a0\u00bb rc_add_shadow=\u00a0\u00bbmedium-shadow\u00a0\u00bb rc_font_color=\u00a0\u00bb#000000&Prime; rc_bg_color=\u00a0\u00bb#ffffff\u00a0\u00bb css=\u00a0\u00bb.vc_custom_1556656226479{padding-top: 17% !important;padding-right: 17% !important;padding-bottom: 17% !important;padding-left: 17% !important;border-radius: 3px !important;}\u00a0\u00bb]<h3 class=\"eut-element eut-title eut-align-inherit eut-h5\" style=\"margin-bottom: 0px;\"><span>Fax et t\u00e9l\u00e9phonoscripteurs<\/span><\/h3>[\/vc_column][vc_column width=\u00a0\u00bb1\/2&Prime; vertical_content_position=\u00a0\u00bbmiddle\u00a0\u00bb]<div class=\"eut-element eut-divider\" style=\"padding-top: 18px;padding-bottom: 18px;\"><div class=\"eut-line-divider eut-border\"><\/div><\/div>[vc_column_text]Les assur\u00e9s qui ont d\u00e9pos\u00e9 \u00e0 l\u2019office AI une demande d\u2019octroi de t\u00e9l\u00e9phonoscripteur ou de fax avant le 31 d\u00e9cembre 2012 ont encore droit \u00e0 cet appareil. Si les conditions de l\u2019art. 2 OMAI sont remplies, l\u2019AI pourra prendre en charge un \u00e9ventuel remplacement n\u00e9cessaire ou la r\u00e9paration des appareils accord\u00e9s.[\/vc_column_text][\/vc_column][\/vc_row][vc_row padding_top_multiplier=\u00a0\u00bb2x\u00a0\u00bb padding_bottom_multiplier=\u00a0\u00bb2x\u00a0\u00bb equal_column_height=\u00a0\u00bbequal\u00a0\u00bb section_id=\u00a0\u00bboffene-stellen\u00a0\u00bb][vc_column width=\u00a0\u00bb1\/2&Prime; vertical_content_position=\u00a0\u00bbmiddle\u00a0\u00bb rc_heading_color=\u00a0\u00bbdark\u00a0\u00bb rc_bg_type=\u00a0\u00bbcolor\u00a0\u00bb rc_add_shadow=\u00a0\u00bbmedium-shadow\u00a0\u00bb rc_font_color=\u00a0\u00bb#000000&Prime; rc_bg_color=\u00a0\u00bb#ffffff\u00a0\u00bb css=\u00a0\u00bb.vc_custom_1556656226479{padding-top: 17% !important;padding-right: 17% !important;padding-bottom: 17% !important;padding-left: 17% !important;border-radius: 3px !important;}\u00a0\u00bb]<h3 class=\"eut-element eut-title eut-align-inherit eut-h5\" style=\"margin-bottom: 0px;\"><span>Installations de signalisation<\/span><\/h3>[\/vc_column][vc_column width=\u00a0\u00bb1\/2&Prime; vertical_content_position=\u00a0\u00bbmiddle\u00a0\u00bb]<div class=\"eut-element eut-divider\" style=\"padding-top: 18px;padding-bottom: 18px;\"><div class=\"eut-line-divider eut-border\"><\/div><\/div>[vc_column_text]14.04 OMAI Am\u00e9nagements de la demeure de l\u2019assur\u00e9 n\u00e9cessit\u00e9s par l\u2019invalidit\u00e9:<\/p>\n<p>Pose d\u2019installations de signalisation pour les sourds et d\u00e9ficients auditifs graves et pour les sourds-aveugles. Le montant maximal pour la pose d\u2019installations de signalisation est de 1300\u00a0francs, TVA comprise.<\/p>\n<p><a href=\"https:\/\/shop.gleichcom.ch\/installation-induction\/systemes-de-signalisation\/?language=fr\">Installations de signalisation <\/a>[\/vc_column_text][\/vc_column][\/vc_row][vc_row padding_top_multiplier=\u00a0\u00bb2x\u00a0\u00bb padding_bottom_multiplier=\u00a0\u00bb2x\u00a0\u00bb equal_column_height=\u00a0\u00bbequal\u00a0\u00bb section_id=\u00a0\u00bboffene-stellen\u00a0\u00bb][vc_column width=\u00a0\u00bb1\/2&Prime; vertical_content_position=\u00a0\u00bbmiddle\u00a0\u00bb rc_heading_color=\u00a0\u00bbdark\u00a0\u00bb rc_bg_type=\u00a0\u00bbcolor\u00a0\u00bb rc_add_shadow=\u00a0\u00bbmedium-shadow\u00a0\u00bb rc_font_color=\u00a0\u00bb#000000&Prime; rc_bg_color=\u00a0\u00bb#ffffff\u00a0\u00bb css=\u00a0\u00bb.vc_custom_1556656226479{padding-top: 17% !important;padding-right: 17% !important;padding-bottom: 17% !important;padding-left: 17% !important;border-radius: 3px !important;}\u00a0\u00bb]<h3 class=\"eut-element eut-title eut-align-inherit eut-h5\" style=\"margin-bottom: 0px;\"><span>Dispositifs FM<\/span><\/h3>[\/vc_column][vc_column width=\u00a0\u00bb1\/2&Prime; vertical_content_position=\u00a0\u00bbmiddle\u00a0\u00bb]<div class=\"eut-element eut-divider\" style=\"padding-top: 18px;padding-bottom: 18px;\"><div class=\"eut-line-divider eut-border\"><\/div><\/div>[vc_column_text]Les dispositifs FM peuvent \u00eatre remis comme moyens auxiliaires pour l\u2019apprentissage, la formation, l\u2019\u00e9ducation pr\u00e9coce et l\u2019am\u00e9lioration ou le maintien de la capacit\u00e9 de gain aux assur\u00e9s suivants:<\/p>\n<ul>\n<li>les enfants en bas \u00e2ge, pour l\u2019apprentissage pr\u00e9coce, si un audiop\u00e9dagogue a d\u00e9pos\u00e9 une demande fond\u00e9e;<\/li>\n<li>les enfants en \u00e2ge scolaire, si ces moyens leur permettent de fr\u00e9quenter l\u2019\u00e9cole publique;<\/li>\n<li>les enfants qui, en raison d\u2019autres infirmit\u00e9s cong\u00e9nitales, fr\u00e9quentent une \u00e9cole sp\u00e9ciale autre qu\u2019une \u00e9cole pour personnes malentendantes;<\/li>\n<li>les assur\u00e9s qui fr\u00e9quentent un \u00e9tablissement scolaire dans le cadre d\u2019une formation professionnelle initiale ou d\u2019un reclassement;<\/li>\n<li>les personnes exer\u00e7ant une activit\u00e9 lucrative, si le dispositif leur permet d\u2019atteindre ou de conserver leur capacit\u00e9 de gain.<\/li>\n<li>L\u2019appareil doit \u00eatre utilis\u00e9 pendant les cours, mais il peut aussi l\u2019\u00eatre au domicile. Les \u00e9coles sp\u00e9ciales, \u00e9coles ou jardins d\u2019enfants destin\u00e9s aux sourds-muets ou offrant un soutien orthophonique doivent se charger de fournir le dispositif FM.<\/li>\n<\/ul>\n<p>[\/vc_column_text][\/vc_column][\/vc_row][vc_row padding_top_multiplier=\u00a0\u00bb2x\u00a0\u00bb padding_bottom_multiplier=\u00a0\u00bb2x\u00a0\u00bb equal_column_height=\u00a0\u00bbequal\u00a0\u00bb section_id=\u00a0\u00bboffene-stellen\u00a0\u00bb][vc_column width=\u00a0\u00bb1\/2&Prime; vertical_content_position=\u00a0\u00bbmiddle\u00a0\u00bb rc_heading_color=\u00a0\u00bbdark\u00a0\u00bb rc_bg_type=\u00a0\u00bbcolor\u00a0\u00bb rc_add_shadow=\u00a0\u00bbmedium-shadow\u00a0\u00bb rc_font_color=\u00a0\u00bb#000000&Prime; rc_bg_color=\u00a0\u00bb#ffffff\u00a0\u00bb css=\u00a0\u00bb.vc_custom_1556656226479{padding-top: 17% !important;padding-right: 17% !important;padding-bottom: 17% !important;padding-left: 17% !important;border-radius: 3px !important;}\u00a0\u00bb]<h3 class=\"eut-element eut-title eut-align-inherit eut-h5\" style=\"margin-bottom: 0px;\"><span>Piles pour appareils auditifs et IC<\/span><\/h3>[\/vc_column][vc_column width=\u00a0\u00bb1\/2&Prime; vertical_content_position=\u00a0\u00bbmiddle\u00a0\u00bb]<div class=\"eut-element eut-divider\" style=\"padding-top: 18px;padding-bottom: 18px;\"><div class=\"eut-line-divider eut-border\"><\/div><\/div>[vc_column_text]Le forfait pour l\u2019achat de piles est, par ann\u00e9e civile, de 40 francs pour un appareillage monaural et de 80 francs pour un appareillage binaural.<\/p>\n<p>Le forfait pour l\u2019achat de piles pour implants cochl\u00e9aires est, par ann\u00e9e civile, de 400 francs pour un appareillage monaural et de 800 francs pour un appareillage binaural. Le forfait pour l\u2019achat de piles pour appareils auditifs fix\u00e9s par ancrage osseux et implants d\u2019oreille moyenne est, par ann\u00e9e civile, de 60 francs pour un appareillage monaural et de 120 francs pour un appareillage binaural.[\/vc_column_text][\/vc_column][\/vc_row][vc_row][vc_column][vc_column_text]Source: DFI, OFAS, Circulaire concernant la remise de moyens auxiliaires par l\u2019assurance-invalidit\u00e9 (CMAI)<br \/>\nValable \u00e0 partir du 1er janvier 2013. \u00c9tat: 1<sup>er<\/sup> janvier 2017[\/vc_column_text][\/vc_column][\/vc_row]<\/p>\n<\/section>","protected":false},"excerpt":{"rendered":"<p>[vc_row padding_top_multiplier=\u00a0\u00bb2x\u00a0\u00bb][vc_column][\/vc_column][\/vc_row][vc_row padding_top_multiplier=\u00a0\u00bb2x\u00a0\u00bb padding_bottom_multiplier=\u00a0\u00bb2x\u00a0\u00bb equal_column_height=\u00a0\u00bbequal\u00a0\u00bb section_id=\u00a0\u00bboffene-stellen\u00a0\u00bb][vc_column width=\u00a0\u00bb1\/2&Prime; vertical_content_position=\u00a0\u00bbmiddle\u00a0\u00bb rc_heading_color=\u00a0\u00bbdark\u00a0\u00bb rc_bg_type=\u00a0\u00bbcolor\u00a0\u00bb rc_add_shadow=\u00a0\u00bbmedium-shadow\u00a0\u00bb rc_font_color=\u00a0\u00bb#000000&Prime; rc_bg_color=\u00a0\u00bb#ffffff\u00a0\u00bb css=\u00a0\u00bb.vc_custom_1556656226479{padding-top: 17% !important;padding-right: 17% !important;padding-bottom: 17% !important;padding-left: 17% !important;border-radius: 3px !important;}\u00a0\u00bb][\/vc_column][vc_column width=\u00a0\u00bb1\/2&Prime; vertical_content_position=\u00a0\u00bbmiddle\u00a0\u00bb][vc_column_text]Les assur\u00e9s qui ont d\u00e9pos\u00e9 [&hellip;]<\/p>\n","protected":false},"author":9,"featured_media":0,"parent":0,"menu_order":0,"comment_status":"closed","ping_status":"closed","template":"","meta":{"footnotes":""},"class_list":["post-1024","page","type-page","status-publish","hentry"],"_links":{"self":[{"href":"https:\/\/www.gleichcom.ch\/fr\/wp-json\/wp\/v2\/pages\/1024","targetHints":{"allow":["GET"]}}],"collection":[{"href":"https:\/\/www.gleichcom.ch\/fr\/wp-json\/wp\/v2\/pages"}],"about":[{"href":"https:\/\/www.gleichcom.ch\/fr\/wp-json\/wp\/v2\/types\/page"}],"author":[{"embeddable":true,"href":"https:\/\/www.gleichcom.ch\/fr\/wp-json\/wp\/v2\/users\/9"}],"replies":[{"embeddable":true,"href":"https:\/\/www.gleichcom.ch\/fr\/wp-json\/wp\/v2\/comments?post=1024"}],"version-history":[{"count":3,"href":"https:\/\/www.gleichcom.ch\/fr\/wp-json\/wp\/v2\/pages\/1024\/revisions"}],"predecessor-version":[{"id":2442,"href":"https:\/\/www.gleichcom.ch\/fr\/wp-json\/wp\/v2\/pages\/1024\/revisions\/2442"}],"wp:attachment":[{"href":"https:\/\/www.gleichcom.ch\/fr\/wp-json\/wp\/v2\/media?parent=1024"}],"curies":[{"name":"wp","href":"https:\/\/api.w.org\/{rel}","templated":true}]}}

<section class="wpb-content-wrapper"><p>[vc_row padding_top_multiplier= »2x »][vc_column]<h3 class="eut-element eut-title eut-align-inherit eut-h3" style=""><span>Quels appareils et fournitures sont pris en charge par l’AI / la SUVA?</span></h3><h3 class="eut-element eut-title eut-align-inherit eut-h5" style="margin-bottom: 0px;"><span>Conformément à l’OMAI, état au 1er janvier 2017</span></h3>[/vc_column][/vc_row][vc_row padding_top_multiplier= »2x » padding_bottom_multiplier= »2x » equal_column_height= »equal » section_id= »offene-stellen »][vc_column width= »1/2&Prime; vertical_content_position= »middle » rc_heading_color= »dark » rc_bg_type= »color » rc_add_shadow= »medium-shadow » rc_font_color= »#000000&Prime; rc_bg_color= »#ffffff » css= ».vc_custom_1556656226479{padding-top: 17% !important;padding-right: 17% !important;padding-bottom: 17% !important;padding-left: 17% !important;border-radius: 3px !important;} »]<h3 class="eut-element eut-title eut-align-inherit eut-h5" style="margin-bottom: 0px;"><span>Fax et téléphonoscripteurs</span></h3>[/vc_column][vc_column width= »1/2&Prime; vertical_content_position= »middle »]<div class="eut-element eut-divider" style="padding-top: 18px;padding-bottom: 18px;"><div class="eut-line-divider eut-border"></div></div>[vc_column_text]Les assurés qui ont déposé à l’office AI une demande d’octroi de téléphonoscripteur ou de fax avant le 31 décembre 2012 ont encore droit à cet appareil. Si les conditions de l’art. 2 OMAI sont remplies, l’AI pourra prendre en charge un éventuel remplacement nécessaire ou la réparation des appareils accordés.[/vc_column_text][/vc_column][/vc_row][vc_row padding_top_multiplier= »2x » padding_bottom_multiplier= »2x » equal_column_height= »equal » section_id= »offene-stellen »][vc_column width= »1/2&Prime; vertical_content_position= »middle » rc_heading_color= »dark » rc_bg_type= »color » rc_add_shadow= »medium-shadow » rc_font_color= »#000000&Prime; rc_bg_color= »#ffffff » css= ».vc_custom_1556656226479{padding-top: 17% !important;padding-right: 17% !important;padding-bottom: 17% !important;padding-left: 17% !important;border-radius: 3px !important;} »]<h3 class="eut-element eut-title eut-align-inherit eut-h5" style="margin-bottom: 0px;"><span>Installations de signalisation</span></h3>[/vc_column][vc_column width= »1/2&Prime; vertical_content_position= »middle »]<div class="eut-element eut-divider" style="padding-top: 18px;padding-bottom: 18px;"><div class="eut-line-divider eut-border"></div></div>[vc_column_text]14.04 OMAI Aménagements de la demeure de l’assuré nécessités par l’invalidité:</p>
<p>Pose d’installations de signalisation pour les sourds et déficients auditifs graves et pour les sourds-aveugles. Le montant maximal pour la pose d’installations de signalisation est de 1300 francs, TVA comprise.</p>
<p><a href="https://shop.gleichcom.ch/installation-induction/systemes-de-signalisation/?language=fr">Installations de signalisation </a>[/vc_column_text][/vc_column][/vc_row][vc_row padding_top_multiplier= »2x » padding_bottom_multiplier= »2x » equal_column_height= »equal » section_id= »offene-stellen »][vc_column width= »1/2&Prime; vertical_content_position= »middle » rc_heading_color= »dark » rc_bg_type= »color » rc_add_shadow= »medium-shadow » rc_font_color= »#000000&Prime; rc_bg_color= »#ffffff » css= ».vc_custom_1556656226479{padding-top: 17% !important;padding-right: 17% !important;padding-bottom: 17% !important;padding-left: 17% !important;border-radius: 3px !important;} »]<h3 class="eut-element eut-title eut-align-inherit eut-h5" style="margin-bottom: 0px;"><span>Dispositifs FM</span></h3>[/vc_column][vc_column width= »1/2&Prime; vertical_content_position= »middle »]<div class="eut-element eut-divider" style="padding-top: 18px;padding-bottom: 18px;"><div class="eut-line-divider eut-border"></div></div>[vc_column_text]Les dispositifs FM peuvent être remis comme moyens auxiliaires pour l’apprentissage, la formation, l’éducation précoce et l’amélioration ou le maintien de la capacité de gain aux assurés suivants:</p>
<ul>
<li>les enfants en bas âge, pour l’apprentissage précoce, si un audiopédagogue a déposé une demande fondée;</li>
<li>les enfants en âge scolaire, si ces moyens leur permettent de fréquenter l’école publique;</li>
<li>les enfants qui, en raison d’autres infirmités congénitales, fréquentent une école spéciale autre qu’une école pour personnes malentendantes;</li>
<li>les assurés qui fréquentent un établissement scolaire dans le cadre d’une formation professionnelle initiale ou d’un reclassement;</li>
<li>les personnes exerçant une activité lucrative, si le dispositif leur permet d’atteindre ou de conserver leur capacité de gain.</li>
<li>L’appareil doit être utilisé pendant les cours, mais il peut aussi l’être au domicile. Les écoles spéciales, écoles ou jardins d’enfants destinés aux sourds-muets ou offrant un soutien orthophonique doivent se charger de fournir le dispositif FM.</li>
</ul>
<p>[/vc_column_text][/vc_column][/vc_row][vc_row padding_top_multiplier= »2x » padding_bottom_multiplier= »2x » equal_column_height= »equal » section_id= »offene-stellen »][vc_column width= »1/2&Prime; vertical_content_position= »middle » rc_heading_color= »dark » rc_bg_type= »color » rc_add_shadow= »medium-shadow » rc_font_color= »#000000&Prime; rc_bg_color= »#ffffff » css= ».vc_custom_1556656226479{padding-top: 17% !important;padding-right: 17% !important;padding-bottom: 17% !important;padding-left: 17% !important;border-radius: 3px !important;} »]<h3 class="eut-element eut-title eut-align-inherit eut-h5" style="margin-bottom: 0px;"><span>Piles pour appareils auditifs et IC</span></h3>[/vc_column][vc_column width= »1/2&Prime; vertical_content_position= »middle »]<div class="eut-element eut-divider" style="padding-top: 18px;padding-bottom: 18px;"><div class="eut-line-divider eut-border"></div></div>[vc_column_text]Le forfait pour l’achat de piles est, par année civile, de 40 francs pour un appareillage monaural et de 80 francs pour un appareillage binaural.</p>
<p>Le forfait pour l’achat de piles pour implants cochléaires est, par année civile, de 400 francs pour un appareillage monaural et de 800 francs pour un appareillage binaural. Le forfait pour l’achat de piles pour appareils auditifs fixés par ancrage osseux et implants d’oreille moyenne est, par année civile, de 60 francs pour un appareillage monaural et de 120 francs pour un appareillage binaural.[/vc_column_text][/vc_column][/vc_row][vc_row][vc_column][vc_column_text]Source: DFI, OFAS, Circulaire concernant la remise de moyens auxiliaires par l’assurance-invalidité (CMAI)<br />
Valable à partir du 1er janvier 2013. État: 1<sup>er</sup> janvier 2017[/vc_column_text][/vc_column][/vc_row]</p>
</section>

<p>[vc_row padding_top_multiplier= »2x »][vc_column][/vc_column][/vc_row][vc_row padding_top_multiplier= »2x » padding_bottom_multiplier= »2x » equal_column_height= »equal » section_id= »offene-stellen »][vc_column width= »1/2&Prime; vertical_content_position= »middle » rc_heading_color= »dark » rc_bg_type= »color » rc_add_shadow= »medium-shadow » rc_font_color= »#000000&Prime; rc_bg_color= »#ffffff » css= ».vc_custom_1556656226479{padding-top: 17% !important;padding-right: 17% !important;padding-bottom: 17% !important;padding-left: 17% !important;border-radius: 3px !important;} »][/vc_column][vc_column width= »1/2&Prime; vertical_content_position= »middle »][vc_column_text]Les assurés qui ont déposé [&hellip;]</p>
