{"id":2569,"date":"2024-12-09T14:27:35","date_gmt":"2024-12-09T13:27:35","guid":{"rendered":"https:\/\/www.gleichcom.ch\/?post_type=tribe_events&#038;p=2569"},"modified":"2024-12-09T14:42:47","modified_gmt":"2024-12-09T13:42:47","slug":"consultation-individuelle-moyens-auxiliaires","status":"publish","type":"tribe_events","link":"https:\/\/www.gleichcom.ch\/fr\/events\/consultation-individuelle-moyens-auxiliaires\/","title":{"rendered":"Consultation individuelle Moyens auxiliaires"},"content":{"rendered":"<p><strong>Consultation individuelle Moyens auxiliaires : en allemand ou en anglais<\/strong><\/p>\n<p>Mardi 18 mars 2025, \u00e0 partir de 13h00, au local de l&rsquo;association<\/p>\n<p>Vous avez des questions sur les appareils compl\u00e9mentaires des appareils auditifs ou des IC ? Lors de cet apr\u00e8s-midi, Oliver F\u00fcrthaler, FA Gleichcom, mettra son exp\u00e9rience \u00e0 votre disposition. Vous pourrez vous faire une id\u00e9e de l&rsquo;appareil compl\u00e9mentaire sur place. Comme il s&rsquo;agit de consultations individuelles, veuillez vous annoncer au pr\u00e9alable \u00e0 notre bureau pour un rendez-vous.<\/p>\n<p><strong>Lieu<\/strong> : local de l&rsquo;association Pro Audito St.<\/p>\n<p><strong>Co\u00fbts<\/strong> : gratuit pour les membres, 50.- pour les non-membres<\/p>\n<p>Pro Audito St. Gallen, Merkurstrasse 4, 9000 St.Gallen<\/p>\n<p>Inscription jusqu&rsquo;au vendredi 14 f\u00e9vrier 2025<\/p>\n","protected":false},"excerpt":{"rendered":"<p>Consultation individuelle Moyens auxiliaires : en allemand ou en anglais Mardi 18 mars 2025, \u00e0 partir de 13h00, au local de l&rsquo;association Vous avez des questions sur les appareils compl\u00e9mentaires [&hellip;]<\/p>\n","protected":false},"author":9,"featured_media":0,"template":"","meta":{"_tribe_events_status":"","_tribe_events_status_reason":"","footnotes":""},"tags":[],"tribe_events_cat":[],"class_list":["post-2569","tribe_events","type-tribe_events","status-publish","hentry"],"_links":{"self":[{"href":"https:\/\/www.gleichcom.ch\/fr\/wp-json\/wp\/v2\/tribe_events\/2569","targetHints":{"allow":["GET"]}}],"collection":[{"href":"https:\/\/www.gleichcom.ch\/fr\/wp-json\/wp\/v2\/tribe_events"}],"about":[{"href":"https:\/\/www.gleichcom.ch\/fr\/wp-json\/wp\/v2\/types\/tribe_events"}],"author":[{"embeddable":true,"href":"https:\/\/www.gleichcom.ch\/fr\/wp-json\/wp\/v2\/users\/9"}],"version-history":[{"count":3,"href":"https:\/\/www.gleichcom.ch\/fr\/wp-json\/wp\/v2\/tribe_events\/2569\/revisions"}],"predecessor-version":[{"id":2575,"href":"https:\/\/www.gleichcom.ch\/fr\/wp-json\/wp\/v2\/tribe_events\/2569\/revisions\/2575"}],"wp:attachment":[{"href":"https:\/\/www.gleichcom.ch\/fr\/wp-json\/wp\/v2\/media?parent=2569"}],"wp:term":[{"taxonomy":"post_tag","embeddable":true,"href":"https:\/\/www.gleichcom.ch\/fr\/wp-json\/wp\/v2\/tags?post=2569"},{"taxonomy":"tribe_events_cat","embeddable":true,"href":"https:\/\/www.gleichcom.ch\/fr\/wp-json\/wp\/v2\/tribe_events_cat?post=2569"}],"curies":[{"name":"wp","href":"https:\/\/api.w.org\/{rel}","templated":true}]}}

<p><strong>Consultation individuelle Moyens auxiliaires : en allemand ou en anglais</strong></p>
<p>Mardi 18 mars 2025, à partir de 13h00, au local de l&rsquo;association</p>
<p>Vous avez des questions sur les appareils complémentaires des appareils auditifs ou des IC ? Lors de cet après-midi, Oliver Fürthaler, FA Gleichcom, mettra son expérience à votre disposition. Vous pourrez vous faire une idée de l&rsquo;appareil complémentaire sur place. Comme il s&rsquo;agit de consultations individuelles, veuillez vous annoncer au préalable à notre bureau pour un rendez-vous.</p>
<p><strong>Lieu</strong> : local de l&rsquo;association Pro Audito St.</p>
<p><strong>Coûts</strong> : gratuit pour les membres, 50.- pour les non-membres</p>
<p>Pro Audito St. Gallen, Merkurstrasse 4, 9000 St.Gallen</p>
<p>Inscription jusqu&rsquo;au vendredi 14 février 2025</p>

<p>Consultation individuelle Moyens auxiliaires : en allemand ou en anglais Mardi 18 mars 2025, à partir de 13h00, au local de l&rsquo;association Vous avez des questions sur les appareils complémentaires [&hellip;]</p>
